ns digit of a?
4
Let k(w) be the third derivative of -2*w**4/3 - 13*w**3/6 + 7*w**2. What is the units digit of k(-7)?
9
Let b(g) = -g - 1. Let f be ((2 + 0)/2)/(-1). Let c be b(f). Suppose -5*u + 25 = -c. What is the units digit of u?
5
Let v = 55 + -35. Suppose v = -4*h, 30 = 2*f + 2*h + 148. What is the units digit of (-12)/f + (-176)/(-18)?
0
Suppose 70*k - 64*k - 6918 = 0. What is the thousands digit of k?
1
What is the hundreds digit of (-38)/20*8*(-17 - -2)?
2
Let q = -31 + 32. What is the tens digit of -3 - -35 - 3 - q?
2
Let b be ((-2)/6)/(-1) - 105/(-9). Suppose 4*c = 140 - b. What is the units digit of c?
2
Let c(a) = -34*a**2. Let j be c(-1). What is the units digit of (j/(-2))/((-1)/(-4))?
8
Let s(d) = -4*d**3 + 34*d**2 - 3*d - 9. What is the tens digit of s(4)?
6
Let g be -3 + 3 + 0 - -5. Let i(t) = -t**3 - 5*t**2 - t - 1. Let u be i(-5). Suppose -j + 5*w = -g, -w - 9 = -j - u. What is the units digit of j?
5
Suppose g - 3*u - 10 = 0, -u - 3*u = -20. Suppose 0 = 5*k + x + 2*x - 925, -g = 5*x. What is the tens digit of k?
8
Suppose 0 = -3*u - 3*l + 3066, 6*l - 4088 = -4*u + 10*l. What is the hundreds digit of u?
0
Suppose -9*w + 24 = -7*w. Suppose -1690 = -w*y + 2*y. What is the hundreds digit of y?
1
Let h(k) = k**2 - 2*k - 4. Suppose 3*v - 1 = 17. Let w be h(v). Suppose 0 = -2*m - 3*m + w. What is the units digit of m?
4
Suppose 0 = 5*m + 11*h - 12*h - 3186, 5*m + 2*h - 3183 = 0. What is the tens digit of m?
3
Suppose 6 + 2 = 4*a. Suppose 5*u + a + 23 = 0. Let p = -4 - u. What is the units digit of p?
1
Let i(c) = -9*c + 9. Let m be i(-4). Suppose 55 = 4*r - x, 3*x = 3*r + r - m. What is the units digit of r?
5
Let d = 689 + 188. What is the tens digit of d?
7
Let k be ((-38)/(-6))/(9/(-27)). Let l = k + 95. Let n = l - 32. What is the units digit of n?
4
Suppose l - 3*w + 147 = 3*l, 0 = 5*l - 4*w - 425. Suppose l - 477 = -6*q. What is the units digit of q?
6
Suppose -5*o = 0, 5*o = -s - 2*s. Let k(i) = -47*i**3 + 1. Let l be k(-1). Suppose -2*w + l = -s*a + 2*a, 0 = 2*w - 3*a - 68. What is the units digit of w?
8
Suppose -q - 2*j + 3*j + 9 = 0, -j - 27 = -4*q. Suppose 2*a - 37 = -o + q*o, -5*a = -2*o - 61. Suppose a = p - 2*z - 11, -z = -2. What is the tens digit of p?
2
Suppose 2353 = -9*o + 850. Let t = o + 370. What is the units digit of t?
3
Let h be -47 + -1 + (2 - -2) + -4. What is the hundreds digit of ((h/15)/(10/(-925)))/2?
1
Suppose -2019 = -4*h - z, 0 = h + 3*h + 3*z - 2009. What is the tens digit of h?
0
Suppose 0 = 2*y + 3*l + 231, 0 = -y + 4*y + 2*l + 349. Let x = y - -138. What is the units digit of x?
1
Suppose 0 = -p - 2, -3*q + 2*p + 12 + 7 = 0. Suppose 0 = -7*a + 2*a + z + 58, 0 = 4*z - 8. Suppose -q*w + a = -43. What is the tens digit of w?
1
Suppose 2*d + 3*r = 8*r + 34, -68 = -4*d + 4*r. What is the tens digit of d?
1
Let k(m) = -21*m + 24. What is the hundreds digit of k(-6)?
1
Let w = 137 + 155. What is the hundreds digit of w?
2
Let f = -505 - -742. What is the hundreds digit of f?
2
Suppose -18*u = -14*u - 2684. What is the units digit of u?
1
Let t = -10 - -25. Let b(m) = -33*m + t*m - 22*m. What is the tens digit of b(-1)?
4
Let i(u) = 5*u + 2. Let d(l) = -11*l - 3. Let y(z) = -6*d(z) - 14*i(z). What is the tens digit of y(-10)?
3
Let k(v) = -9*v - 10. Let l be k(-2). Suppose -4*d = -l, 5*d - 112 = -5*w + 8. What is the units digit of w?
2
Let l = -15 - -15. Suppose 5*i - 325 + 92 = -4*s, -4*i + 5*s + 170 = l. What is the units digit of i?
5
Let f(t) = -t**2 - 7*t. Let x be f(-7). Let c = -28 + 43. Suppose x = -4*l + 7*g - 2*g + 64, g = l - c. What is the units digit of l?
1
Let c be 9 - 8 - (250 + -3). Let r = 461 + c. What is the units digit of r?
5
Suppose 58 - 208 = -10*b. What is the tens digit of b?
1
Let l(d) = -8*d. Suppose 0 = 2*r - 3*r - 3*o - 10, 0 = 4*o + 12. Let b be l(r). Suppose -b*z = -4*z - 108. What is the units digit of z?
7
Let l(i) = 3*i - 13. Let r be l(5). Suppose -410 = -5*t - 3*p, 0*p - r*p - 95 = -t. What is the tens digit of t?
8
Let f be (-3*4/18)/((-16)/72). Suppose 3*h + 2*b = 73, h - f*b - 8 + 2 = 0. What is the units digit of h?
1
Let r(m) = -7*m**3 + m**2 - 2*m - 4. Let p be 95/(-20) - (-1)/(-4). Let u be 12/p - (-2)/5. What is the units digit of r(u)?
0
Suppose 5*n = -0*n. Let f(i) = 7*i**2 + 2*i + 11. Let s(b) = 3*b**2 + b + 6. Let d(j) = -4*f(j) + 9*s(j). What is the tens digit of d(n)?
1
Let g = 405 + -276. What is the units digit of g?
9
Suppose -33*w - 6785 = -38*w. What is the hundreds digit of w?
3
Suppose -3*r + r = -5*k + 19538, 5*r = k - 3926. What is the units digit of k?
6
Let w(q) = q + 7. Let o(f) = 2*f + 6. Let r(d) = -2*o(d) + 3*w(d). Let t be r(9). Let h = 18 - t. What is the units digit of h?
8
Let u(i) = i**2 + 2*i + 7. Let o = 24 - 24. What is the units digit of u(o)?
7
Let g be ((3 - -2)/5)/(1/(-80)). Let o = -48 - g. What is the tens digit of o?
3
Let j(o) = 42*o**3 + o**2 + 8*o - 18. What is the tens digit of j(2)?
3
Let k(d) be the second derivative of -d**5/60 + d**4/24 + 3*d**3 + 2*d**2 + 4*d. Let j(v) be the first derivative of k(v). What is the tens digit of j(0)?
1
Suppose 4*z - 24 = z - 3*l, -43 = -5*z - 4*l. Let y(x) = -x + 13. Let a be y(z). Suppose 4*d - 12 = -2*j, 2*d + 0*j - 2 = -a*j. What is the units digit of d?
5
Suppose 3*q - 27 = -12. Suppose a + 3*r - 8 = 3, 3*a + q*r - 13 = 0. What is the tens digit of 12/a - -3*11?
3
Let i = -830 - -1483. What is the hundreds digit of i?
6
What is the units digit of 165/2 + 8/(-16)?
2
Let i = -75 - -16. Let t = i - -90. What is the tens digit of t?
3
Suppose -20 = 5*s + 5*c, -1 = c + 2. What is the units digit of (138 - 1)*(s - -2 - 0)?
7
Suppose -40 = 10*b - 5*b. Let y = b - 22. Let m = -15 - y. What is the tens digit of m?
1
Let d(h) = -h. Let b be d(2). What is the tens digit of (b/4)/((-1)/214)?
0
Let a(q) = -q - 3*q - 2 + 2*q - q. Suppose 2*b = 3*s + 3*b + 37, 63 = -5*s - 2*b. What is the units digit of a(s)?
1
Suppose 5*a + 49 = 494. Let p = a - 84. What is the units digit of p?
5
Let p be (-6)/(-18) + (-28)/(-6). Suppose 25 = 6*y - y. Suppose -3*u - y*k + 1 = -34, k = -p. What is the tens digit of u?
2
Suppose -3*f + z = 5*z - 3913, 2*f = -z + 2602. What is the thousands digit of f?
1
Let d = 528 + -94. Let k = d + -258. What is the hundreds digit of k?
1
Let n = -559 + 796. What is the tens digit of n?
3
What is the hundreds digit of 2635/7 - ((-27)/(-63) - 0)?
3
Suppose 0 = 2*d - 8, 4*x - 2*d + 16 = 2*d. Suppose -4*q - 2*m + 714 = x, m = 5*q - 729 - 181. What is the hundreds digit of q?
1
Suppose 3*p - 1125 = -3*k, -143 - 1732 = -5*p + k. What is the hundreds digit of p?
3
Let n be (3 + -2 - 11) + 0. Let g = n + 10. What is the units digit of 21 - (g - 12/4)?
4
Suppose -h = -2*g + 22, 2*h + 5 = 3*g - 34. What is the tens digit of (56/h - (-2)/3) + 310?
0
Suppose -5*p = 5*u - 2*p + 52, -3*u - 4*p = 29. Let v = 11 - u. What is the tens digit of (4 - (-5)/(-2))*v?
3
Suppose 0 = -2*q - 0*q + 32. Let t be 56*4*2/q. Suppose 17 = 5*c - t. What is the units digit of c?
9
What is the units digit of -21 + 149 + 3 + -3 + 6?
4
Suppose 0 = -2*q + 3*a - 9 - 5, -2*q - 26 = 3*a. What is the hundreds digit of (332/q)/((-2)/10)?
1
Let x = -9 + 9. Let n be (5 - 3) + x/1. Suppose m - 19 = -4*w, 0 = 3*m - 7*m + n*w + 4. What is the units digit of m?
3
Suppose -978 = -17*x + 127. What is the units digit of x?
5
Suppose -2*z = 3*n - 3329, 0*z = -5*z + 5*n + 8335. What is the tens digit of z?
6
Let k(z) = -z**3 + 4*z**2 - 3*z + 3. Let o be k(3). Suppose -4*t + o*d = -25, t + 11 = -0*t - 5*d. Let x(w) = 10*w + 2. What is the units digit of x(t)?
2
Suppose 4*u - 2 = -4*m - 14, 9 = 2*m - u. What is the units digit of -6 + 7 - m - (0 + -35)?
4
Let r(q) = 7*q + 13. Let s be r(4). Suppose -40*g = -s*g + 193. What is the units digit of g?
3
Suppose 777 = 4*u - 5*s, -2*u - s + 0*s = -385. What is the tens digit of u?
9
Suppose 2*x - 5*x = s - 1195, 0 = 4*x - s - 1605. Let a = x + -206. What is the units digit of a?
4
Suppose -1746 = -13*v + 386. What is the hundreds digit of v?
1
Suppose g = -4*g - 5. Let r be (-2)/(-8) - g/(-4). What is the tens digit of r - (2 - 4) - -48?
5
Let p be (-308)/(-8)*-1*2. Let d = p - -147. What is the units digit of d?
0
Suppose 5*i - u + 140 = -1185, 5*i - 5*u = -1345. Let h be